{"id":284,"date":"2014-08-20T15:42:26","date_gmt":"2014-08-20T15:42:26","guid":{"rendered":"http:\/\/vgmedienpool.de\/?page_id=284"},"modified":"2024-08-21T13:01:02","modified_gmt":"2024-08-21T13:01:02","slug":"magazin-on-demand","status":"publish","type":"page","link":"https:\/\/vgmedienpool.de\/?page_id=284","title":{"rendered":""},"content":{"rendered":"<p style=\"text-align: center;\"><span style=\"color: #008080;\"><strong data-rich-text-format-boundary=\"true\">Zeitungen, Online<br>Texte | Design<br>Newspapers, Online<br>content | design<\/strong><\/span><\/p>\n\n\n<p style=\"font-size:14px\">Aufgrund von strengen Urheberrechts-Gesetzen und dem Bestreben einiger Juristen, Arbeitsbeispiele mit Unterlassungserkl\u00e4rungen und Strafen zu ahnden, sehe ich mich gehalten, hier nur einen minimalen Ausschnitt aus vielen Jahren als Redakteurin und Print-Designerin zeigen zu k\u00f6nnen. Arbeiten nach 2020 werden hier nicht mehr angezeigt. Vielen Dank f\u00fcr Ihr Verst\u00e4ndnis, f\u00fcr mehr Informationen sprechen Sie mich gern an.<\/p>\n\n\n\n<p style=\"font-size:14px\">Due to strict copyright laws and the efforts of some lawyers to punish examples of my work with cease-and-desist letters and fines, I feel obliged to show here only a minimal excerpt from many years as an editor and print designer. Work after 2020 are not displayed here. Thank you for your understanding. For more information please contact me.<\/p>\n\n\n\n<figure class=\"wp-block-gallery has-nested-images columns-default is-cropped wp-block-gallery-1 is-layout-flex\">\n<figure class=\"wp-block-image size-large is-resized\"><a href=\"https:\/\/vgmedienpool.de\/wp-content\/uploads\/2024\/08\/IT_Sicherheit-Magazin-022024Security-Management.png\"><img decoding=\"async\" loading=\"lazy\" data-id=\"1290\"  src=\"https:\/\/vgmedienpool.de\/wp-content\/uploads\/2024\/08\/IT_Sicherheit-Magazin-022024Security-Management-1024x672.png\" alt=\"\" class=\"wp-image-1290\" width=\"418\" height=\"275\" srcset=\"https:\/\/vgmedienpool.de\/wp-content\/uploads\/2024\/08\/IT_Sicherheit-Magazin-022024Security-Management-1024x672.png 1024w, https:\/\/vgmedienpool.de\/wp-content\/uploads\/2024\/08\/IT_Sicherheit-Magazin-022024Security-Management-300x197.png 300w, https:\/\/vgmedienpool.de\/wp-content\/uploads\/2024\/08\/IT_Sicherheit-Magazin-022024Security-Management-768x504.png 768w, https:\/\/vgmedienpool.de\/wp-content\/uploads\/2024\/08\/IT_Sicherheit-Magazin-022024Security-Management-1536x1008.png 1536w, https:\/\/vgmedienpool.de\/wp-content\/uploads\/2024\/08\/IT_Sicherheit-Magazin-022024Security-Management-2048x1343.png 2048w\" sizes=\"(max-width: 418px) 100vw, 418px\" \/><\/a><figcaption>Artikel IT-Sicherheitsmagazin 2024<\/figcaption><\/figure>\n\n\n\n<figure class=\"wp-block-image size-large\"><a href=\"https:\/\/vgmedienpool.de\/wp-content\/uploads\/2024\/08\/Interview_2022-1.jpg\"><img decoding=\"async\" loading=\"lazy\" width=\"605\" height=\"1024\" data-id=\"1295\"  src=\"https:\/\/vgmedienpool.de\/wp-content\/uploads\/2024\/08\/Interview_2022-1-605x1024.jpg\" alt=\"\" class=\"wp-image-1295\" srcset=\"https:\/\/vgmedienpool.de\/wp-content\/uploads\/2024\/08\/Interview_2022-1-605x1024.jpg 605w, https:\/\/vgmedienpool.de\/wp-content\/uploads\/2024\/08\/Interview_2022-1-177x300.jpg 177w, https:\/\/vgmedienpool.de\/wp-content\/uploads\/2024\/08\/Interview_2022-1-768x1300.jpg 768w, https:\/\/vgmedienpool.de\/wp-content\/uploads\/2024\/08\/Interview_2022-1-907x1536.jpg 907w, https:\/\/vgmedienpool.de\/wp-content\/uploads\/2024\/08\/Interview_2022-1-1210x2048.jpg 1210w, https:\/\/vgmedienpool.de\/wp-content\/uploads\/2024\/08\/Interview_2022-1.jpg 1342w\" sizes=\"(max-width: 605px) 100vw, 605px\" \/><\/a><\/figure>\n<\/figure>\n\n\n\n<div class=\"wp-block-columns is-layout-flex wp-container-4\">\n<div class=\"wp-block-column is-layout-flow\" style=\"flex-basis:100%\"><\/div>\n<\/div>\n\n\n\n<figure class=\"wp-block-gallery has-nested-images columns-5 is-cropped wp-block-gallery-5 is-layout-flex\">\n<figure class=\"wp-block-image size-large\"><img decoding=\"async\" loading=\"lazy\" width=\"883\" height=\"323\" data-id=\"339\"  src=\"https:\/\/vgmedienpool.de\/wp-content\/uploads\/2014\/06\/ChinMedia.png\" alt=\"\" class=\"wp-image-339\" srcset=\"https:\/\/vgmedienpool.de\/wp-content\/uploads\/2014\/06\/ChinMedia.png 883w, https:\/\/vgmedienpool.de\/wp-content\/uploads\/2014\/06\/ChinMedia-300x109.png 300w\" sizes=\"(max-width: 883px) 100vw, 883px\" \/><figcaption>Text, FairwayBusiness<\/figcaption><\/figure>\n\n\n\n<figure class=\"wp-block-image size-large\"><img decoding=\"async\" loading=\"lazy\" width=\"595\" height=\"552\" data-id=\"79\"  src=\"https:\/\/vgmedienpool.de\/wp-content\/uploads\/2014\/06\/Welt2004.png\" alt=\"\" class=\"wp-image-79\" srcset=\"https:\/\/vgmedienpool.de\/wp-content\/uploads\/2014\/06\/Welt2004.png 595w, https:\/\/vgmedienpool.de\/wp-content\/uploads\/2014\/06\/Welt2004-300x278.png 300w\" sizes=\"(max-width: 595px) 100vw, 595px\" \/><figcaption>Design &amp; Text, Welt<\/figcaption><\/figure>\n\n\n\n<figure class=\"wp-block-image size-large\"><img decoding=\"async\" loading=\"lazy\" width=\"952\" height=\"1003\" data-id=\"370\"  src=\"https:\/\/vgmedienpool.de\/wp-content\/uploads\/2014\/06\/HAZNP-Wirtschaft-2004.png\" alt=\"\" class=\"wp-image-370\" srcset=\"https:\/\/vgmedienpool.de\/wp-content\/uploads\/2014\/06\/HAZNP-Wirtschaft-2004.png 952w, https:\/\/vgmedienpool.de\/wp-content\/uploads\/2014\/06\/HAZNP-Wirtschaft-2004-284x300.png 284w\" sizes=\"(max-width: 952px) 100vw, 952px\" \/><figcaption>Text, HAZ &amp; NP<\/figcaption><\/figure>\n\n\n\n<figure class=\"wp-block-image size-large\"><img decoding=\"async\" loading=\"lazy\" width=\"902\" height=\"795\" data-id=\"269\"  src=\"https:\/\/vgmedienpool.de\/wp-content\/uploads\/2014\/06\/insblaue_seifenkiste.png\" alt=\"\" class=\"wp-image-269\" srcset=\"https:\/\/vgmedienpool.de\/wp-content\/uploads\/2014\/06\/insblaue_seifenkiste.png 902w, https:\/\/vgmedienpool.de\/wp-content\/uploads\/2014\/06\/insblaue_seifenkiste-300x264.png 300w\" sizes=\"(max-width: 902px) 100vw, 902px\" \/><figcaption>Stories, insblaue.so<\/figcaption><\/figure>\n\n\n\n<figure class=\"wp-block-image size-large\"><img decoding=\"async\" loading=\"lazy\" width=\"901\" height=\"796\" data-id=\"267\"  src=\"https:\/\/vgmedienpool.de\/wp-content\/uploads\/2014\/06\/insblaue_dampfer.png\" alt=\"\" class=\"wp-image-267\" srcset=\"https:\/\/vgmedienpool.de\/wp-content\/uploads\/2014\/06\/insblaue_dampfer.png 901w, https:\/\/vgmedienpool.de\/wp-content\/uploads\/2014\/06\/insblaue_dampfer-300x265.png 300w\" sizes=\"(max-width: 901px) 100vw, 901px\" \/><figcaption>Stories, insblaue.so<\/figcaption><\/figure>\n\n\n\n<figure class=\"wp-block-image size-large\"><img decoding=\"async\" loading=\"lazy\" width=\"313\" height=\"250\" data-id=\"240\"  src=\"https:\/\/vgmedienpool.de\/wp-content\/uploads\/2014\/06\/WM_Maracana_2014-07-13.jpg\" alt=\"text\" class=\"wp-image-240\" srcset=\"https:\/\/vgmedienpool.de\/wp-content\/uploads\/2014\/06\/WM_Maracana_2014-07-13.jpg 313w, https:\/\/vgmedienpool.de\/wp-content\/uploads\/2014\/06\/WM_Maracana_2014-07-13-300x239.jpg 300w\" sizes=\"(max-width: 313px) 100vw, 313px\" \/><figcaption>Stories, insblaue.so<\/figcaption><\/figure>\n\n\n\n<figure class=\"wp-block-image size-large\"><img decoding=\"async\" loading=\"lazy\" width=\"901\" height=\"804\" data-id=\"271\"  src=\"https:\/\/vgmedienpool.de\/wp-content\/uploads\/2014\/06\/insblaue_literatur.png\" alt=\"\" class=\"wp-image-271\" srcset=\"https:\/\/vgmedienpool.de\/wp-content\/uploads\/2014\/06\/insblaue_literatur.png 901w, https:\/\/vgmedienpool.de\/wp-content\/uploads\/2014\/06\/insblaue_literatur-300x267.png 300w\" sizes=\"(max-width: 901px) 100vw, 901px\" \/><figcaption>Stories, insblaue.so<\/figcaption><\/figure>\n\n\n\n<figure class=\"wp-block-image size-large\"><img decoding=\"async\" loading=\"lazy\" width=\"394\" height=\"550\" data-id=\"635\"  src=\"https:\/\/vgmedienpool.de\/wp-content\/uploads\/2014\/06\/Bristol-Meyers-Squibb_20_10_18.jpg\" alt=\"\" class=\"wp-image-635\" srcset=\"https:\/\/vgmedienpool.de\/wp-content\/uploads\/2014\/06\/Bristol-Meyers-Squibb_20_10_18.jpg 394w, https:\/\/vgmedienpool.de\/wp-content\/uploads\/2014\/06\/Bristol-Meyers-Squibb_20_10_18-214x300.jpg 214w\" sizes=\"(max-width: 394px) 100vw, 394px\" \/><figcaption>Brand Story Design; BamS<\/figcaption><\/figure>\n\n\n\n<figure class=\"wp-block-image size-large\"><img decoding=\"async\" loading=\"lazy\" width=\"621\" height=\"445\" data-id=\"619\"  src=\"https:\/\/vgmedienpool.de\/wp-content\/uploads\/2014\/06\/Rust.png\" alt=\"\" class=\"wp-image-619\" srcset=\"https:\/\/vgmedienpool.de\/wp-content\/uploads\/2014\/06\/Rust.png 621w, https:\/\/vgmedienpool.de\/wp-content\/uploads\/2014\/06\/Rust-300x214.png 300w\" sizes=\"(max-width: 621px) 100vw, 621px\" \/><figcaption>Brand Story Design, Bild<\/figcaption><\/figure>\n\n\n\n<figure class=\"wp-block-image size-large\"><img decoding=\"async\" loading=\"lazy\" width=\"731\" height=\"1024\" data-id=\"582\"  src=\"https:\/\/vgmedienpool.de\/wp-content\/uploads\/2014\/06\/WM_Design2018_07-731x1024.jpg\" alt=\"\" class=\"wp-image-582\" srcset=\"https:\/\/vgmedienpool.de\/wp-content\/uploads\/2014\/06\/WM_Design2018_07-731x1024.jpg 731w, https:\/\/vgmedienpool.de\/wp-content\/uploads\/2014\/06\/WM_Design2018_07-214x300.jpg 214w, https:\/\/vgmedienpool.de\/wp-content\/uploads\/2014\/06\/WM_Design2018_07.jpg 1326w\" sizes=\"(max-width: 731px) 100vw, 731px\" \/><figcaption>Titel-Design WM, Bild<\/figcaption><\/figure>\n\n\n\n<figure class=\"wp-block-image size-large\"><img decoding=\"async\" loading=\"lazy\" width=\"580\" height=\"795\" data-id=\"649\"  src=\"https:\/\/vgmedienpool.de\/wp-content\/uploads\/2014\/06\/SportDesign3.jpg\" alt=\"\" class=\"wp-image-649\" srcset=\"https:\/\/vgmedienpool.de\/wp-content\/uploads\/2014\/06\/SportDesign3.jpg 580w, https:\/\/vgmedienpool.de\/wp-content\/uploads\/2014\/06\/SportDesign3-218x300.jpg 218w\" sizes=\"(max-width: 580px) 100vw, 580px\" \/><figcaption>Design Formel-1, Bild<\/figcaption><\/figure>\n\n\n\n<figure class=\"wp-block-image size-large\"><img decoding=\"async\" loading=\"lazy\" width=\"569\" height=\"794\" data-id=\"648\"  src=\"https:\/\/vgmedienpool.de\/wp-content\/uploads\/2014\/06\/SportDesign2.jpg\" alt=\"\" class=\"wp-image-648\" srcset=\"https:\/\/vgmedienpool.de\/wp-content\/uploads\/2014\/06\/SportDesign2.jpg 569w, https:\/\/vgmedienpool.de\/wp-content\/uploads\/2014\/06\/SportDesign2-214x300.jpg 214w\" sizes=\"(max-width: 569px) 100vw, 569px\" \/><figcaption>Design Tennis-WM; Bild<\/figcaption><\/figure>\n\n\n\n<figure class=\"wp-block-image size-large\"><img decoding=\"async\" loading=\"lazy\" width=\"740\" height=\"1024\" data-id=\"581\"  src=\"https:\/\/vgmedienpool.de\/wp-content\/uploads\/2014\/06\/Tennis_Design2018_07-740x1024.jpg\" alt=\"\" class=\"wp-image-581\" srcset=\"https:\/\/vgmedienpool.de\/wp-content\/uploads\/2014\/06\/Tennis_Design2018_07-740x1024.jpg 740w, https:\/\/vgmedienpool.de\/wp-content\/uploads\/2014\/06\/Tennis_Design2018_07-217x300.jpg 217w, https:\/\/vgmedienpool.de\/wp-content\/uploads\/2014\/06\/Tennis_Design2018_07.jpg 1324w\" sizes=\"(max-width: 740px) 100vw, 740px\" \/><figcaption>Design, Bild<\/figcaption><\/figure>\n\n\n\n<figure class=\"wp-block-image size-large\"><img decoding=\"async\" loading=\"lazy\" width=\"595\" height=\"421\" data-id=\"50\"  src=\"https:\/\/vgmedienpool.de\/wp-content\/uploads\/2014\/06\/\u0095-DFV_Allgemein5.jpg\" alt=\"\" class=\"wp-image-50\" srcset=\"https:\/\/vgmedienpool.de\/wp-content\/uploads\/2014\/06\/\u0095-DFV_Allgemein5.jpg 595w, https:\/\/vgmedienpool.de\/wp-content\/uploads\/2014\/06\/\u0095-DFV_Allgemein5-300x212.jpg 300w\" sizes=\"(max-width: 595px) 100vw, 595px\" \/><figcaption>Marketing-Design, DFV<\/figcaption><\/figure>\n\n\n\n<figure class=\"wp-block-image size-large\"><img decoding=\"async\" loading=\"lazy\" width=\"316\" height=\"251\" data-id=\"239\"  src=\"https:\/\/vgmedienpool.de\/wp-content\/uploads\/2014\/06\/Fu\u00dfballLatein_2014-07-11.jpg\" alt=\"\" class=\"wp-image-239\" srcset=\"https:\/\/vgmedienpool.de\/wp-content\/uploads\/2014\/06\/Fu\u00dfballLatein_2014-07-11.jpg 316w, https:\/\/vgmedienpool.de\/wp-content\/uploads\/2014\/06\/Fu\u00dfballLatein_2014-07-11-300x238.jpg 300w\" sizes=\"(max-width: 316px) 100vw, 316px\" \/><figcaption>Stories, insblaue.so<\/figcaption><\/figure>\n\n\n\n<figure class=\"wp-block-image size-large\"><img decoding=\"async\" loading=\"lazy\" width=\"349\" height=\"487\" data-id=\"384\"  src=\"https:\/\/vgmedienpool.de\/wp-content\/uploads\/2014\/06\/2015_Lokin_Webentw.png\" alt=\"\" class=\"wp-image-384\" srcset=\"https:\/\/vgmedienpool.de\/wp-content\/uploads\/2014\/06\/2015_Lokin_Webentw.png 349w, https:\/\/vgmedienpool.de\/wp-content\/uploads\/2014\/06\/2015_Lokin_Webentw-214x300.png 214w\" sizes=\"(max-width: 349px) 100vw, 349px\" \/><figcaption>Online-Design &amp; Text, DB<\/figcaption><\/figure>\n\n\n\n<figure class=\"wp-block-image size-large\"><img decoding=\"async\" loading=\"lazy\" width=\"1024\" height=\"764\" data-id=\"573\"  src=\"https:\/\/vgmedienpool.de\/wp-content\/uploads\/2014\/06\/ZF1_-BILD_23_05_18-1024x764.png\" alt=\"\" class=\"wp-image-573\" srcset=\"https:\/\/vgmedienpool.de\/wp-content\/uploads\/2014\/06\/ZF1_-BILD_23_05_18-1024x764.png 1024w, https:\/\/vgmedienpool.de\/wp-content\/uploads\/2014\/06\/ZF1_-BILD_23_05_18-300x223.png 300w, https:\/\/vgmedienpool.de\/wp-content\/uploads\/2014\/06\/ZF1_-BILD_23_05_18.png 1045w\" sizes=\"(max-width: 1024px) 100vw, 1024px\" \/><figcaption>Design, Zukunftsfonds <\/figcaption><\/figure>\n\n\n\n<figure class=\"wp-block-image size-large\"><img decoding=\"async\" loading=\"lazy\" width=\"1024\" height=\"403\" data-id=\"530\"  src=\"https:\/\/vgmedienpool.de\/wp-content\/uploads\/2014\/06\/Werbemittel2017-1024x403.png\" alt=\"\" class=\"wp-image-530\" srcset=\"https:\/\/vgmedienpool.de\/wp-content\/uploads\/2014\/06\/Werbemittel2017-1024x403.png 1024w, https:\/\/vgmedienpool.de\/wp-content\/uploads\/2014\/06\/Werbemittel2017-300x118.png 300w, https:\/\/vgmedienpool.de\/wp-content\/uploads\/2014\/06\/Werbemittel2017.png 1359w\" sizes=\"(max-width: 1024px) 100vw, 1024px\" \/><figcaption>Online-Brands, diverse<\/figcaption><\/figure>\n\n\n\n<figure class=\"wp-block-image size-large\"><img decoding=\"async\" loading=\"lazy\" width=\"564\" height=\"374\" data-id=\"293\"  src=\"https:\/\/vgmedienpool.de\/wp-content\/uploads\/2014\/08\/FairwayBusiness_TitelBeispiele.png\" alt=\"\" class=\"wp-image-293\" srcset=\"https:\/\/vgmedienpool.de\/wp-content\/uploads\/2014\/08\/FairwayBusiness_TitelBeispiele.png 564w, https:\/\/vgmedienpool.de\/wp-content\/uploads\/2014\/08\/FairwayBusiness_TitelBeispiele-300x198.png 300w\" sizes=\"(max-width: 564px) 100vw, 564px\" \/><figcaption>Online-Design, FairwayBusiness<\/figcaption><\/figure>\n\n\n\n<figure class=\"wp-block-image size-large\"><img decoding=\"async\" loading=\"lazy\" width=\"555\" height=\"1024\" data-id=\"483\"  src=\"https:\/\/vgmedienpool.de\/wp-content\/uploads\/2014\/06\/HLBau_Online2017-555x1024.png\" alt=\"\" class=\"wp-image-483\" srcset=\"https:\/\/vgmedienpool.de\/wp-content\/uploads\/2014\/06\/HLBau_Online2017-555x1024.png 555w, https:\/\/vgmedienpool.de\/wp-content\/uploads\/2014\/06\/HLBau_Online2017-162x300.png 162w, https:\/\/vgmedienpool.de\/wp-content\/uploads\/2014\/06\/HLBau_Online2017.png 579w\" sizes=\"(max-width: 555px) 100vw, 555px\" \/><figcaption>Design &amp; Text, BILD.de<\/figcaption><\/figure>\n<\/figure>\n","protected":false},"excerpt":{"rendered":"<p>Zeitungen, OnlineTexte | DesignNewspapers, Onlinecontent | design Aufgrund von strengen Urheberrechts-Gesetzen und dem Bestreben einiger Juristen, Arbeitsbeispiele mit Unterlassungserkl\u00e4rungen und Strafen zu ahnden, sehe ich mich gehalten, hier nur einen minimalen Ausschnitt aus vielen Jahren als Redakteurin und Print-Designerin zeigen zu k\u00f6nnen. Arbeiten nach 2020 werden hier nicht mehr angezeigt. Vielen Dank f\u00fcr Ihr Verst\u00e4ndnis, [&hellip;]<\/p>\n","protected":false},"author":1,"featured_media":0,"parent":0,"menu_order":0,"comment_status":"closed","ping_status":"open","template":"","meta":[],"_links":{"self":[{"href":"https:\/\/vgmedienpool.de\/index.php?rest_route=\/wp\/v2\/pages\/284"}],"collection":[{"href":"https:\/\/vgmedienpool.de\/index.php?rest_route=\/wp\/v2\/pages"}],"about":[{"href":"https:\/\/vgmedienpool.de\/index.php?rest_route=\/wp\/v2\/types\/page"}],"author":[{"embeddable":true,"href":"https:\/\/vgmedienpool.de\/index.php?rest_route=\/wp\/v2\/users\/1"}],"replies":[{"embeddable":true,"href":"https:\/\/vgmedienpool.de\/index.php?rest_route=%2Fwp%2Fv2%2Fcomments&post=284"}],"version-history":[{"count":78,"href":"https:\/\/vgmedienpool.de\/index.php?rest_route=\/wp\/v2\/pages\/284\/revisions"}],"predecessor-version":[{"id":1296,"href":"https:\/\/vgmedienpool.de\/index.php?rest_route=\/wp\/v2\/pages\/284\/revisions\/1296"}],"wp:attachment":[{"href":"https:\/\/vgmedienpool.de\/index.php?rest_route=%2Fwp%2Fv2%2Fmedia&parent=284"}],"curies":[{"name":"wp","href":"https:\/\/api.w.org\/{rel}","templated":true}]}}